site?
False
Is 121843 composite?
False
Is 4603 a prime number?
True
Is 1504721 prime?
False
Is 168229 a prime number?
False
Is 477991 a composite number?
False
Is 95701 composite?
False
Is 587641 composite?
True
Is 52667 composite?
False
Is 1478 composite?
True
Is 39001 prime?
False
Is 64123 a prime number?
True
Is 662999 a composite number?
False
Is 70039 a prime number?
True
Is 11901 composite?
True
Is 41333 a prime number?
True
Is 1626155 a composite number?
True
Is 50293 a composite number?
True
Is 14969 a prime number?
True
Is 10793 a prime number?
False
Is 88393 composite?
True
Is 14051 composite?
False
Is 106391 composite?
False
Is 13093 a composite number?
False
Is 18295 a composite number?
True
Is 8507 a prime number?
False
Is 55906 a composite number?
True
Is 1009 prime?
True
Is 26627 composite?
False
Is 127159 a composite number?
True
Is 21683 a composite number?
False
Is 13291 prime?
True
Is 57593 a composite number?
False
Is 389679 a composite number?
True
Is 7741 composite?
False
Is 686723 a composite number?
False
Is 563338 composite?
True
Is 1283855 composite?
True
Is 91753 a composite number?
False
Is 12273 a composite number?
True
Is 157061 a composite number?
False
Is 14239 a prime number?
False
Is 38242 composite?
True
Is 684679 composite?
True
Is 1274437 a prime number?
True
Is 1843 prime?
False
Is 52862 composite?
True
Is 34557 prime?
False
Is 611 a composite number?
True
Is 45947 prime?
False
Is 56197 composite?
False
Is 76429 a composite number?
True
Is 159977 a prime number?
True
Is 24853 a prime number?
False
Is 20021 composite?
False
Is 129655 a prime number?
False
Is 784133 composite?
True
Is 7433 prime?
True
Is 258415 composite?
True
Is 5381 a composite number?
False
Is 19913 a prime number?
True
Is 12127 prime?
False
Is 1199681 composite?
True
Is 30977 prime?
True
Is 5903 a prime number?
True
Is 151061 a composite number?
True
Is 21419 a prime number?
True
Is 530329 prime?
True
Is 333817 a composite number?
True
Is 3518 prime?
False
Is 47237 prime?
True
Is 693089 prime?
True
Is 1361 a composite number?
False
Is 40031 composite?
False
Is 128069 prime?
False
Is 8422 prime?
False
Is 8563 a composite number?
False
Is 18329 composite?
False
Is 92791 a prime number?
True
Is 2077 prime?
False
Is 208823 composite?
True
Is 142733 a composite number?
False
Is 5381 composite?
False
Is 92077 a composite number?
False
Is 22315 a prime number?
False
Is 84049 composite?
True
Is 2562803 a prime number?
True
Is 3183 a composite number?
True
Is 630239 a composite number?
True
Is 41894 composite?
True
Is 7509 a composite number?
True
Is 15131 a composite number?
False
Is 86501 prime?
True
Is 6801 a composite number?
True
Is 17519 a prime number?
True
Is 8749 composite?
True
Is 180949 prime?
True
Is 76427 a composite number?
True
Is 2764517 a composite number?
True
Is 73489 prime?
False
Is 2789 a composite number?
False
Is 11213 prime?
True
Is 8813 prime?
False
Is 56767 prime?
True
Is 103027 a composite number?
True
Is 205229 a prime number?
False
Is 162839 a composite number?
False
Is 310861 a prime number?
True
Is 187669 a composite number?
False
Is 129 prime?
False
Is 8809 a prime number?
False
Is 1052459 a prime number?
True
Is 61543 prime?
True
Is 768293 composite?
True
Is 212149 prime?
False
Is 317711 composite?
False
Is 11468155 composite?
True
Is 68297 prime?
False
Is 61433 prime?
False
Is 70039 a prime number?
True
Is 22271 a composite number?
False
Is 321767 prime?
False
Is 67681 a prime number?
False
Is 3981 a composite number?
True
Is 96113 composite?
True
Is 20593 composite?
False
Is 99539 prime?
False
Is 254103 composite?
True
Is 131 composite?
False
Is 69313 prime?
True
Is 245747 a prime number?
True
Is 10213 a prime number?
False
Is 237733 a prime number?
True
Is 3953 a prime number?
False
Is 755 prime?
False
Is 6826 a composite number?
True
Is 68959 prime?
False
Is 9461 a composite number?
False
Is 67561 a composite number?
True
Is 52165 a prime number?
False
Is 3881 prime?
True
Is 4861 composite?
False
Is 416071 a prime number?
True
Is 99419 a composite number?
True
Is 3365 composite?
True
Is 6761 prime?
True
Is 17551 a composite number?
False
Is 1538 composite?
True
Is 68659 prime?
True
Is 86923 a composite number?
False
Is 227453 composite?
False
Is 451859 a composite number?
False
Is 2599 prime?
False
Is 215873 a composite number?
True
Is 17587 a composite number?
True
Is 4981 prime?
False
Is 4701 composite?
True
Is 1879511 composite?
False
Is 51505 a composite number?
True
Is 11105 a composite number?
True
Is 713095 prime?
False
Is 3234763 a prime number?
False
Is 812627 a prime number?
True
Is 1040759 a prime number?
False
Is 12227 composite?
False
Is 80915 composite?
True
Is 4249 a prime number?
False
Is 8594 composite?
True
Is 89783 a prime number?
True
Is 26707 a composite number?
True
Is 168565 a composite number?
True
Is 12739 composite?
False
Is 11903 prime?
True
Is 270631 prime?
True
Is 255643 prime?
False
Is 66217 a prime number?
False
Is 304319 prime?
False
Is 2638 prime?
False
Is 12323 composite?
False
Is 1164355 composite?
True
Is 1147863 a composite number?
True
Is 22051 a prime number?
True
Is 29549 prime?
False
Is 46849 composite?
True
Is 8311 composite?
False
Is 199029 a composite number?
True
Is 2777 a composite number?
False
Is 15551 prime?
True
Is 6521 a composite number?
False
Is 506647 a composite number?
False
Is 1091807 a prime number?
True
Is 2063 a composite number?
False
Is 2823 a composite number?
True
Is 569227 composite?
True
Is 58018 prime?
False
Is 19387 composite?
False
Is 1036247 a composite number?
False
Is 286913 composite?
True
Is 10133 a composite number?
False
Is 907 a prime number?
True
Is 132563 prime?
False
Is 512569 composite?
False
Is 426134 a prime number?
False
Is 1543 a composite number?
False
Is 24439 a composite number?
False
Is 108917 a composite number?
False
Is 144827 a prime number?
False
Is 30757 a composite number?
False
Is 14167 composite?
True
Is 22641 a composite number?
True
Is 13171 prime?
True
Is 31567 a prime number?
True
Is 22835 prime?
False
Is 38149 prime?
True
Is 46489 a composite number?
False
Is 598777 composite?
False
Is 416561 a composite number?
True
Is 65119 a prime number?
True
Is 29215 a prime number?
False
Is 260647 prime?
True
Is 21763 composite?
True
Is 956737 a composite number?
True
Is 8497 a composite number?
True
Is 150541 prime?
False
Is 143729 prime?
True
Is 467429 a composite number?
True
Is 215885 prime?
False
Is 865685 a composite number?
True
Is 96989 a composite number?
False
Is 33851 prime?
True
Is 9511 a composite number?
False
Is 22951 prime?
False
Is 51923 composite?
True
Is 17707 a composite number?
False
Is 47681 prime?
True
Is 542855 a prime number?
False
Is 139603 a composite number?
True
Is 133843 a composite number?
False
Is 4471 prime?
False
Is 10219 a prime number?
False
Is 1766098 prime?
False
Is 733574 a prime number?
False
Is 1259 a prime number?
True
Is 3202841 a composite number?
False
Is 54311 a prime number?
True
Is 249697 prime?
False
Is 3821 a prime number?
True
Is 913777 prime?
False
Is 143131 prime?
False
Is 69371 a prime number?
True
Is 929339 composite?
True
Is 9527 a composite number?
True
Is 32957 prime?
True
Is 36493 a prime number?
True
Is 17341 prime?
True
Is 33458 prime?
False
Is 29091 composite?
True
Is 76317 a prime number?
False
Is 445765 a prime number?
False
Is 33421 composite?
True
Is 180217 prime?
False
Is 56767 prime?
True
Is 16294 a composite number?
True
Is 1418 a composite number?
True
Is 951 a prime number?
False
Is 1127713 composite?
True
Is 43391 a prime number?
True
Is 9151 a prime number?
True
Is 819761 a prime number?
True
Is 23143 prime?
True
Is 844369 prime?
True
Is 1660229 composite?
False
Is 4003 prime?
True
Is 137267 a prime number?
False
Is 132067 composite?
True
Is 27271 a prime number?
True
Is 90689 composite?
True
Is 797 a prime number?
True
Is 1407629 prime?
True
Is 788621 a composite number?
False
Is 56923 a composite number?
False
Is 15161 composite?
False
Is 3989 prime?
True
Is 1943 a prime number?
False
Is 409307 composite?
True
Is 6803 a prime number?
True
Is 16787 prime?
True
Is 49843 composite?
False
Is 22843 a prime number?
False
Is 513203 prime?
True
Is 73